the prime factors of y?
2, 3, 79
Suppose 206 - 906 = -5*l. Suppose 24 = -2*f + l. What are the prime factors of f?
2, 29
Let f(b) = 5*b + 2330. Let n be f(0). What are the prime factors of n/15*2*(-3)/(-4)?
233
Let k(t) = t**2 + 130*t + 1523. List the prime factors of k(0).
1523
What are the prime factors of (88/44 - (3980 - -1))/(-1)?
23, 173
Suppose 0 = -2*g + 3*w + 85, 0 = -5*g - 6*w + 8*w + 240. List the prime factors of g.
2, 5
Suppose -4*l - 697 - 314 = 5*f, 1010 = -5*f - 5*l. What are the prime factors of f/(-4) + 4/16?
3, 17
Suppose s - 2280 = -5*s. What are the prime factors of s?
2, 5, 19
Let c(k) = 17*k**2 - 10*k + 6. What are the prime factors of c(4)?
2, 7, 17
Let c = -32 - -36. Suppose -c*u = 16, 0 = -2*m + 5*u - u + 86. What are the prime factors of m?
5, 7
Suppose l - 1 = d, 3*d - 3*l = -l - 4. List the prime factors of (-1 - -2)*(d + 3)*203.
7, 29
Let c(z) = -z. Let j(t) = 8*t - 1. Let h(r) = 6*c(r) + j(r). List the prime factors of h(6).
11
Let u be (7 - (-6)/(-3)) + 3 + -3. Suppose u*s = -5*c + 580, -5*s - c + 327 = -261. List the prime factors of s.
2, 59
Let s(w) = -1. Let j(i) = i - 1. Let h(k) = j(k) - 6*s(k). Let r be h(-2). Suppose -4*u + 157 = 3*f + 45, 5*u - 143 = -r*f. List the prime factors of u.
31
Let s(u) = 3*u - 2*u - 3 - 9 - 3*u. Let f be s(-6). Suppose f*k - 147 = -3*k. List the prime factors of k.
7
Let c(x) = -5*x + 4*x - 8 + 22*x**2 - 8*x - 21*x**2. List the prime factors of c(-5).
2, 31
Let q = -5 - -13. Suppose 3*n + q = n. What are the prime factors of -38*((-27)/6 - n)?
19
Let u(y) = 17*y**2 - 8*y + 2 + y**3 + y**2 - 11*y. Let o = -736 - -717. List the prime factors of u(o).
2
Suppose 21*p = 19*p + 20. What are the prime factors of 94*15/p + -2?
139
Let l = 2250 - 1592. List the prime factors of l.
2, 7, 47
Let j = -1273 + 2056. List the prime factors of j.
3, 29
Suppose 0 = m - 6*a + 3*a - 113, -a + 533 = 5*m. List the prime factors of m.
107
Suppose 3*h = h. Suppose -4*z + 19 = -h*z + u, 4*z = -5*u - 1. List the prime factors of z.
2, 3
Let d(o) = -o + 50 - 50. Let b be d(-4). Suppose 3*z + z + v - 83 = 0, -4*z + b*v + 108 = 0. What are the prime factors of z?
2, 11
Suppose 4*m - 7 - 1 = 0. Suppose 360 = b + m*b. Suppose -x = 4*x - 3*g - b, 3*x - 3*g - 72 = 0. What are the prime factors of x?
2, 3
Let b be ((-6)/12)/((-3)/6). Suppose r - b = 5. What are the prime factors of r?
2, 3
Let v(g) = 5*g**3 + 2*g**2 - 1. Let a be v(1). Let z be a - (3 + 0/2). Suppose 5*x = z*x + 8. What are the prime factors of x?
2
Let o(g) = -5*g**3 + 12*g**2 - 18*g - 21. Let b(j) = -2*j**3 + 4*j**2 - 6*j - 7. Let l(q) = -8*b(q) + 3*o(q). List the prime factors of l(4).
97
What are the prime factors of (-9)/3 + 6 + 501?
2, 3, 7
What are the prime factors of 3777/((1 - -8)/9)?
3, 1259
Let d(r) = -r**3 + 10*r**2 - 8*r - 8. Suppose -14 = 23*i - 25*i. What are the prime factors of d(i)?
83
Suppose -5*k + 5*d = -25, -5*k + 25 = -0*k + 5*d. Suppose 5*a - 390 = -5*n, 99 - 483 = -k*a - 3*n. What are the prime factors of a?
3, 5
What are the prime factors of ((-1)/4)/((-1)/8612) - -4?
3, 719
Let f be (1 - 0)*-1 + 5. Suppose -4*s + 9 = v, 0 = -4*v + 18*s - 17*s + 87. Suppose h - v = -3*l - l, 0 = f*l + 8. What are the prime factors of h?
29
Suppose 28*a = 35254 + 56418. List the prime factors of a.
2, 1637
List the prime factors of 44/(-99) + 15434/18.
857
Let k be (-2)/16*2*-4. Let i be (0 + -1)*(k - 0). What are the prime factors of (-4)/i + (47 - -2)?
53
Let n = -116 + 406. What are the prime factors of n?
2, 5, 29
Let p = -17 + 20. Suppose -3*s - p*s = -246. List the prime factors of s.
41
Let u be (-12)/(-2) + 11 + -15. Suppose -b = v - 131, -u*b - 3*v = -b - 141. Suppose 198 = 4*a - 2*h, b = -3*a + 6*a + 3*h. List the prime factors of a.
47
Let o = 26 + -24. Let g = o + 4. List the prime factors of g.
2, 3
Let z(h) = -h**3 + 20*h**2 + 22*h - 4. Suppose -60 = -3*t - 0*c - c, -c + 18 = t. What are the prime factors of z(t)?
17
Let o(q) = 5*q**2 - 16*q - 39. List the prime factors of o(17).
2, 3, 7
Suppose 0 = -3*d - 2*q + 5, -4*d + 4*q + 20 = -0*d. What are the prime factors of -2*d/27 - 1750/(-18)?
97
Let h = 12 - 19. Let l be h - 1/(3/(-9)). List the prime factors of (-6)/(-4) + l/(-8).
2
Let l = 1245 - 167. Suppose -5*c - l = -12*c. What are the prime factors of c?
2, 7, 11
Let d(o) be the second derivative of -o**6/720 + o**5/60 - o**4/12 + 5*o. Let t(g) be the third derivative of d(g). What are the prime factors of t(-6)?
2
Suppose -6*r + 4556 = -898. List the prime factors of r.
3, 101
Suppose -34*w + 21*w + 20033 = 0. What are the prime factors of w?
23, 67
Let n(j) = 2*j**3 - 9*j**2 - 8*j - 17. Let z be n(7). Suppose -4*u - z = -5*u. List the prime factors of u.
2, 43
Suppose -4*w - 9 = 4*n - 1, -4*n - 2*w - 6 = 0. Let v be 25/(-15) - n/(-3). What are the prime factors of (-5)/(v/20*2)?
5
Let r(z) = -34*z. Suppose -f - 4 = -0*f + 2*p, 4*f = -3*p - 11. What are the prime factors of r(f)?
2, 17
List the prime factors of (-2 - 27/(-3))*(-260)/(-14).
2, 5, 13
Let n(v) = 98*v - 552. List the prime factors of n(30).
2, 3, 199
Let m = -33 + 33. Suppose -2*o - 4*f + 122 = m, -4*o + 5*f = f - 304. What are the prime factors of o?
71
Let d = 292 + -36. List the prime factors of d.
2
Let y = -1084 + 4108. What are the prime factors of y?
2, 3, 7
Let l(y) = -y**3 - 4*y**2 + y - 5. Let j be l(-4). Let a = 50 + j. List the prime factors of a.
41
Suppose -14*w = -25*w + 2541. What are the prime factors of (5 + -3)*(-1 + w/6)?
3, 5
Let o(u) be the second derivative of 28*u**3/3 + u**2 + 4*u. What are the prime factors of o(1)?
2, 29
Let q(b) be the first derivative of -10*b**2 - 3. Let n be q(-2). Suppose 3*c - 7 = -6*p + p, 4*c - n = p. What are the prime factors of c?
3
Suppose 13*p - 963 = 10*p. Let a = p + -182. What are the prime factors of a?
139
Let b = 68 - 57. Let h = -8 + b. What are the prime factors of h?
3
Let p(d) = -d**2 - 9*d + 4. Let m be p(-9). Suppose m*y + l = 35, 26 = 4*y - 0*l - 2*l. Suppose y*k + 82 = 10*k. List the prime factors of k.
41
Let k = 3 - 10. Let p(y) = y + 15. Let j be p(k). Suppose -3*r + j + 4 = 0. List the prime factors of r.
2
Let u(t) = -19*t**3 + t**2 + 4*t + 11. What are the prime factors of u(-3)?
521
Suppose -144 = 3*i + 126. Let q = 301 + i. What are the prime factors of q?
211
Let b(p) = p**3 - 7*p**2 + 6*p + 2. Let o be b(6). Suppose 0 = -3*t + o*u + 51, -8 = -t - 2*u + 1. List the prime factors of t.
3, 5
Let l(q) = q**2 - 8*q + 2. Let d be (-126)/(-14) - 1*-1. Let v be l(d). Suppose -f - v = -4*s + 55, 1 = -f. What are the prime factors of s?
19
Let h(j) = 69*j**2 - 12*j - 15. What are the prime factors of h(5)?
2, 3, 5, 11
Let b be (-46)/3*(-15)/10. Suppose -5*j - 33 = 3*i, 3*i + 16 + b = -3*j. Let r = i + 44. List the prime factors of r.
2, 7
Let m(i) = i**2 + 3*i - 506. Let h be m(0). List the prime factors of (-3)/(-6) + 5 + h/(-4).
2, 3, 11
Let y = -54 - -142. List the prime factors of y.
2, 11
Let a be 10/12 - (-342)/108. Let w(x) = -3*x**3 + x**2 + 2*x + 1. Let n be w(-1). Let l = n + a. List the prime factors of l.
7
What are the prime factors of 428*1 - (-7 + 3)*-1?
2, 53
Let w(u) = 11*u. Let x = 29 + -34. Let q = -2 - x. What are the prime factors of w(q)?
3, 11
Suppose 4*n + 2*t = -822, n + 3*t + 209 = -t. Let i = n + 323. List the prime factors of i.
2, 59
Let a = 1640 - 770. What are the prime factors of a?
2, 3, 5, 29
Suppose 0 = -2*j - 4*j + 276. Suppose n - 131 = -j. What are the prime factors of n?
5, 17
Suppose -4*j - j - 45 = 0. Let r(o) = o**2 + 3*o + 17. List the prime factors of r(j).
71
Suppose 0 = -g + 3*g - 12. Suppose -4*z = -9*z + 115. Suppose t - z = -g. What are the prime factors of t?
17
Suppose 1839 = 3*m + 3*c, -20*m + 22*m = -4*c + 1222. What are the prime factors of m?
3, 5, 41
Let s(w) = 9*w + 10. Suppose 5 = c, 0 = -4*l + l - 4*c + 29. What are the prime factors of s(l)?
37
Suppose -r + 28 = -14. Suppose -36 = -6*k + r. Suppose -3*o + 36 = -3*b - 2*b, 0 = o - 2*b - k. List the prime factors of o.
7
Suppose 4*p - 364 - 4778 = 5*y, -10 = -5*y. What are the prime factors of p?
2, 7, 23
Let s(k) = 7*k + 7. Let n(y) = 56*y + 56. Let z(u) = -6*n(u) + 49*s(u). List the prime factors of z(3).
2, 7
Suppose 0 = -4*y + t - 10, 0*t - 5*t = -10. Let u be y/(2/